{"id":601,"date":"2024-02-17T17:50:45","date_gmt":"2024-02-17T17:50:45","guid":{"rendered":"https:\/\/gites.vallee-munster.alsace\/?page_id=601"},"modified":"2024-02-24T17:48:48","modified_gmt":"2024-02-24T16:48:48","slug":"surf-lessons","status":"publish","type":"page","link":"https:\/\/gites.vallee-munster.alsace\/index.php\/surf-lessons\/","title":{"rendered":"Sondernach"},"content":{"rendered":"","protected":false},"excerpt":{"rendered":"<p>Je vous laisse d\u00e9couvrir ce village de montagne situ\u00e9 tout au fond de la grande vall\u00e9e de Munster \u00e0 une altitude qui se situe entre 570 et 1330 m\u00e8tres et entour\u00e9 \u00e0 l\u2019est par le massif du Petit Ballon r\u00e9put\u00e9 pour ses circuits de grandes randonn\u00e9es, au sud par le col du Lauchen, et \u00e0 l\u2019ouest par la station de ski du Schnepfenried. Une commune de 660 habitants dot\u00e9e d\u2019un ban communal de 2470 hectares o\u00f9 l\u2019agriculture d\u2019\u00e9levage avec sa fabrication de fromage de Munster et du Barikas est encore bien pr\u00e9sente.<\/p>\n","protected":false},"author":1,"featured_media":677,"parent":0,"menu_order":0,"comment_status":"open","ping_status":"open","template":"","meta":{"footnotes":""},"class_list":["post-601","page","type-page","status-publish","has-post-thumbnail","hentry"],"yoast_head":"<!-- This site is optimized with the Yoast SEO plugin v27.0 - https:\/\/yoast.com\/product\/yoast-seo-wordpress\/ -->\n<title>Sondernach - Gite de la Vall\u00e9e de Munster<\/title>\n<meta name=\"robots\" content=\"index, follow, max-snippet:-1, max-image-preview:large, max-video-preview:-1\" \/>\n<link rel=\"canonical\" href=\"https:\/\/gites.vallee-munster.alsace\/index.php\/surf-lessons\/\" \/>\n<meta property=\"og:locale\" content=\"fr_FR\" \/>\n<meta property=\"og:type\" content=\"article\" \/>\n<meta property=\"og:title\" content=\"Sondernach - Gite de la Vall\u00e9e de Munster\" \/>\n<meta property=\"og:description\" content=\"Je vous laisse d\u00e9couvrir ce village de montagne situ\u00e9 tout au fond de la grande vall\u00e9e de Munster \u00e0 une altitude qui se situe entre 570 et 1330 m\u00e8tres et entour\u00e9 \u00e0 l\u2019est par le massif du Petit Ballon r\u00e9put\u00e9 pour ses circuits de grandes randonn\u00e9es, au sud par le col du Lauchen, et \u00e0 l\u2019ouest par la station de ski du Schnepfenried. Une commune de 660 habitants dot\u00e9e d\u2019un ban communal de 2470 hectares o\u00f9 l\u2019agriculture d\u2019\u00e9levage avec sa fabrication de fromage de Munster et du Barikas est encore bien pr\u00e9sente.\" \/>\n<meta property=\"og:url\" content=\"https:\/\/gites.vallee-munster.alsace\/index.php\/surf-lessons\/\" \/>\n<meta property=\"og:site_name\" content=\"Gite de la Vall\u00e9e de Munster\" \/>\n<meta property=\"article:modified_time\" content=\"2024-02-24T16:48:48+00:00\" \/>\n<meta property=\"og:image\" content=\"https:\/\/gites.vallee-munster.alsace\/wp-content\/uploads\/2024\/02\/Sondernach_-_Mairie.jpg\" \/>\n\t<meta property=\"og:image:width\" content=\"1670\" \/>\n\t<meta property=\"og:image:height\" content=\"1109\" \/>\n\t<meta property=\"og:image:type\" content=\"image\/jpeg\" \/>\n<meta name=\"twitter:card\" content=\"summary_large_image\" \/>\n<script type=\"application\/ld+json\" class=\"yoast-schema-graph\">{\"@context\":\"https:\/\/schema.org\",\"@graph\":[{\"@type\":\"WebPage\",\"@id\":\"https:\/\/gites.vallee-munster.alsace\/index.php\/surf-lessons\/\",\"url\":\"https:\/\/gites.vallee-munster.alsace\/index.php\/surf-lessons\/\",\"name\":\"Sondernach - Gite de la Vall\u00e9e de Munster\",\"isPartOf\":{\"@id\":\"https:\/\/gites.vallee-munster.alsace\/#website\"},\"primaryImageOfPage\":{\"@id\":\"https:\/\/gites.vallee-munster.alsace\/index.php\/surf-lessons\/#primaryimage\"},\"image\":{\"@id\":\"https:\/\/gites.vallee-munster.alsace\/index.php\/surf-lessons\/#primaryimage\"},\"thumbnailUrl\":\"https:\/\/gites.vallee-munster.alsace\/wp-content\/uploads\/2024\/02\/Sondernach_-_Mairie.jpg\",\"datePublished\":\"2024-02-17T17:50:45+00:00\",\"dateModified\":\"2024-02-24T16:48:48+00:00\",\"breadcrumb\":{\"@id\":\"https:\/\/gites.vallee-munster.alsace\/index.php\/surf-lessons\/#breadcrumb\"},\"inLanguage\":\"fr-FR\",\"potentialAction\":[{\"@type\":\"ReadAction\",\"target\":[\"https:\/\/gites.vallee-munster.alsace\/index.php\/surf-lessons\/\"]}]},{\"@type\":\"ImageObject\",\"inLanguage\":\"fr-FR\",\"@id\":\"https:\/\/gites.vallee-munster.alsace\/index.php\/surf-lessons\/#primaryimage\",\"url\":\"https:\/\/gites.vallee-munster.alsace\/wp-content\/uploads\/2024\/02\/Sondernach_-_Mairie.jpg\",\"contentUrl\":\"https:\/\/gites.vallee-munster.alsace\/wp-content\/uploads\/2024\/02\/Sondernach_-_Mairie.jpg\",\"width\":1670,\"height\":1109},{\"@type\":\"BreadcrumbList\",\"@id\":\"https:\/\/gites.vallee-munster.alsace\/index.php\/surf-lessons\/#breadcrumb\",\"itemListElement\":[{\"@type\":\"ListItem\",\"position\":1,\"name\":\"Accueil\",\"item\":\"https:\/\/gites.vallee-munster.alsace\/\"},{\"@type\":\"ListItem\",\"position\":2,\"name\":\"Sondernach\"}]},{\"@type\":\"WebSite\",\"@id\":\"https:\/\/gites.vallee-munster.alsace\/#website\",\"url\":\"https:\/\/gites.vallee-munster.alsace\/\",\"name\":\"Gite de la Vall\u00e9e de Munster\",\"description\":\"Votre chez-soi loin de chez vous\",\"publisher\":{\"@id\":\"https:\/\/gites.vallee-munster.alsace\/#organization\"},\"potentialAction\":[{\"@type\":\"SearchAction\",\"target\":{\"@type\":\"EntryPoint\",\"urlTemplate\":\"https:\/\/gites.vallee-munster.alsace\/?s={search_term_string}\"},\"query-input\":{\"@type\":\"PropertyValueSpecification\",\"valueRequired\":true,\"valueName\":\"search_term_string\"}}],\"inLanguage\":\"fr-FR\"},{\"@type\":\"Organization\",\"@id\":\"https:\/\/gites.vallee-munster.alsace\/#organization\",\"name\":\"Gite de la Vall\u00e9e de Munster\",\"url\":\"https:\/\/gites.vallee-munster.alsace\/\",\"logo\":{\"@type\":\"ImageObject\",\"inLanguage\":\"fr-FR\",\"@id\":\"https:\/\/gites.vallee-munster.alsace\/#\/schema\/logo\/image\/\",\"url\":\"https:\/\/gites.vallee-munster.alsace\/wp-content\/uploads\/2024\/02\/LOGO-GITE.png\",\"contentUrl\":\"https:\/\/gites.vallee-munster.alsace\/wp-content\/uploads\/2024\/02\/LOGO-GITE.png\",\"width\":160,\"height\":90,\"caption\":\"Gite de la Vall\u00e9e de Munster\"},\"image\":{\"@id\":\"https:\/\/gites.vallee-munster.alsace\/#\/schema\/logo\/image\/\"}}]}<\/script>\n<!-- \/ Yoast SEO plugin. -->","yoast_head_json":{"title":"Sondernach - Gite de la Vall\u00e9e de Munster","robots":{"index":"index","follow":"follow","max-snippet":"max-snippet:-1","max-image-preview":"max-image-preview:large","max-video-preview":"max-video-preview:-1"},"canonical":"https:\/\/gites.vallee-munster.alsace\/index.php\/surf-lessons\/","og_locale":"fr_FR","og_type":"article","og_title":"Sondernach - Gite de la Vall\u00e9e de Munster","og_description":"Je vous laisse d\u00e9couvrir ce village de montagne situ\u00e9 tout au fond de la grande vall\u00e9e de Munster \u00e0 une altitude qui se situe entre 570 et 1330 m\u00e8tres et entour\u00e9 \u00e0 l\u2019est par le massif du Petit Ballon r\u00e9put\u00e9 pour ses circuits de grandes randonn\u00e9es, au sud par le col du Lauchen, et \u00e0 l\u2019ouest par la station de ski du Schnepfenried. Une commune de 660 habitants dot\u00e9e d\u2019un ban communal de 2470 hectares o\u00f9 l\u2019agriculture d\u2019\u00e9levage avec sa fabrication de fromage de Munster et du Barikas est encore bien pr\u00e9sente.","og_url":"https:\/\/gites.vallee-munster.alsace\/index.php\/surf-lessons\/","og_site_name":"Gite de la Vall\u00e9e de Munster","article_modified_time":"2024-02-24T16:48:48+00:00","og_image":[{"width":1670,"height":1109,"url":"https:\/\/gites.vallee-munster.alsace\/wp-content\/uploads\/2024\/02\/Sondernach_-_Mairie.jpg","type":"image\/jpeg"}],"twitter_card":"summary_large_image","schema":{"@context":"https:\/\/schema.org","@graph":[{"@type":"WebPage","@id":"https:\/\/gites.vallee-munster.alsace\/index.php\/surf-lessons\/","url":"https:\/\/gites.vallee-munster.alsace\/index.php\/surf-lessons\/","name":"Sondernach - Gite de la Vall\u00e9e de Munster","isPartOf":{"@id":"https:\/\/gites.vallee-munster.alsace\/#website"},"primaryImageOfPage":{"@id":"https:\/\/gites.vallee-munster.alsace\/index.php\/surf-lessons\/#primaryimage"},"image":{"@id":"https:\/\/gites.vallee-munster.alsace\/index.php\/surf-lessons\/#primaryimage"},"thumbnailUrl":"https:\/\/gites.vallee-munster.alsace\/wp-content\/uploads\/2024\/02\/Sondernach_-_Mairie.jpg","datePublished":"2024-02-17T17:50:45+00:00","dateModified":"2024-02-24T16:48:48+00:00","breadcrumb":{"@id":"https:\/\/gites.vallee-munster.alsace\/index.php\/surf-lessons\/#breadcrumb"},"inLanguage":"fr-FR","potentialAction":[{"@type":"ReadAction","target":["https:\/\/gites.vallee-munster.alsace\/index.php\/surf-lessons\/"]}]},{"@type":"ImageObject","inLanguage":"fr-FR","@id":"https:\/\/gites.vallee-munster.alsace\/index.php\/surf-lessons\/#primaryimage","url":"https:\/\/gites.vallee-munster.alsace\/wp-content\/uploads\/2024\/02\/Sondernach_-_Mairie.jpg","contentUrl":"https:\/\/gites.vallee-munster.alsace\/wp-content\/uploads\/2024\/02\/Sondernach_-_Mairie.jpg","width":1670,"height":1109},{"@type":"BreadcrumbList","@id":"https:\/\/gites.vallee-munster.alsace\/index.php\/surf-lessons\/#breadcrumb","itemListElement":[{"@type":"ListItem","position":1,"name":"Accueil","item":"https:\/\/gites.vallee-munster.alsace\/"},{"@type":"ListItem","position":2,"name":"Sondernach"}]},{"@type":"WebSite","@id":"https:\/\/gites.vallee-munster.alsace\/#website","url":"https:\/\/gites.vallee-munster.alsace\/","name":"Gite de la Vall\u00e9e de Munster","description":"Votre chez-soi loin de chez vous","publisher":{"@id":"https:\/\/gites.vallee-munster.alsace\/#organization"},"potentialAction":[{"@type":"SearchAction","target":{"@type":"EntryPoint","urlTemplate":"https:\/\/gites.vallee-munster.alsace\/?s={search_term_string}"},"query-input":{"@type":"PropertyValueSpecification","valueRequired":true,"valueName":"search_term_string"}}],"inLanguage":"fr-FR"},{"@type":"Organization","@id":"https:\/\/gites.vallee-munster.alsace\/#organization","name":"Gite de la Vall\u00e9e de Munster","url":"https:\/\/gites.vallee-munster.alsace\/","logo":{"@type":"ImageObject","inLanguage":"fr-FR","@id":"https:\/\/gites.vallee-munster.alsace\/#\/schema\/logo\/image\/","url":"https:\/\/gites.vallee-munster.alsace\/wp-content\/uploads\/2024\/02\/LOGO-GITE.png","contentUrl":"https:\/\/gites.vallee-munster.alsace\/wp-content\/uploads\/2024\/02\/LOGO-GITE.png","width":160,"height":90,"caption":"Gite de la Vall\u00e9e de Munster"},"image":{"@id":"https:\/\/gites.vallee-munster.alsace\/#\/schema\/logo\/image\/"}}]}},"_links":{"self":[{"href":"https:\/\/gites.vallee-munster.alsace\/index.php\/wp-json\/wp\/v2\/pages\/601","targetHints":{"allow":["GET"]}}],"collection":[{"href":"https:\/\/gites.vallee-munster.alsace\/index.php\/wp-json\/wp\/v2\/pages"}],"about":[{"href":"https:\/\/gites.vallee-munster.alsace\/index.php\/wp-json\/wp\/v2\/types\/page"}],"author":[{"embeddable":true,"href":"https:\/\/gites.vallee-munster.alsace\/index.php\/wp-json\/wp\/v2\/users\/1"}],"replies":[{"embeddable":true,"href":"https:\/\/gites.vallee-munster.alsace\/index.php\/wp-json\/wp\/v2\/comments?post=601"}],"version-history":[{"count":1,"href":"https:\/\/gites.vallee-munster.alsace\/index.php\/wp-json\/wp\/v2\/pages\/601\/revisions"}],"predecessor-version":[{"id":678,"href":"https:\/\/gites.vallee-munster.alsace\/index.php\/wp-json\/wp\/v2\/pages\/601\/revisions\/678"}],"wp:featuredmedia":[{"embeddable":true,"href":"https:\/\/gites.vallee-munster.alsace\/index.php\/wp-json\/wp\/v2\/media\/677"}],"wp:attachment":[{"href":"https:\/\/gites.vallee-munster.alsace\/index.php\/wp-json\/wp\/v2\/media?parent=601"}],"curies":[{"name":"wp","href":"https:\/\/api.w.org\/{rel}","templated":true}]}}