{"id":202,"date":"2024-02-17T17:50:45","date_gmt":"2024-02-17T17:50:45","guid":{"rendered":"https:\/\/gites.vallee-munster.alsace\/?page_id=202"},"modified":"2024-02-24T17:42:20","modified_gmt":"2024-02-24T16:42:20","slug":"stosswihr","status":"publish","type":"page","link":"https:\/\/gites.vallee-munster.alsace\/index.php\/stosswihr\/","title":{"rendered":"Stosswihr"},"content":{"rendered":"","protected":false},"excerpt":{"rendered":"<p>La tradition et les chroniques sont d\u2019accord pour d\u00e9clarer que les premiers missionnaires chr\u00e9tiens qui p\u00e9n\u00e9tr\u00e8rent dans la Vall\u00e9e de Munster furent des moines, qui vers le milieu du VII\u00e8me si\u00e8cle vinrent s\u2019\u00e9tablir dans un endroit sauvage o\u00f9 se trouve le village de Stosswihr.<\/p>\n","protected":false},"author":1,"featured_media":662,"parent":0,"menu_order":0,"comment_status":"open","ping_status":"open","template":"","meta":{"footnotes":""},"class_list":["post-202","page","type-page","status-publish","has-post-thumbnail","hentry"],"yoast_head":"<!-- This site is optimized with the Yoast SEO plugin v27.0 - https:\/\/yoast.com\/product\/yoast-seo-wordpress\/ -->\n<title>Stosswihr - Gite de la Vall\u00e9e de Munster<\/title>\n<meta name=\"robots\" content=\"index, follow, max-snippet:-1, max-image-preview:large, max-video-preview:-1\" \/>\n<link rel=\"canonical\" href=\"https:\/\/gites.vallee-munster.alsace\/index.php\/stosswihr\/\" \/>\n<meta property=\"og:locale\" content=\"fr_FR\" \/>\n<meta property=\"og:type\" content=\"article\" \/>\n<meta property=\"og:title\" content=\"Stosswihr - Gite de la Vall\u00e9e de Munster\" \/>\n<meta property=\"og:description\" content=\"La tradition et les chroniques sont d\u2019accord pour d\u00e9clarer que les premiers missionnaires chr\u00e9tiens qui p\u00e9n\u00e9tr\u00e8rent dans la Vall\u00e9e de Munster furent des moines, qui vers le milieu du VII\u00e8me si\u00e8cle vinrent s\u2019\u00e9tablir dans un endroit sauvage o\u00f9 se trouve le village de Stosswihr.\" \/>\n<meta property=\"og:url\" content=\"https:\/\/gites.vallee-munster.alsace\/index.php\/stosswihr\/\" \/>\n<meta property=\"og:site_name\" content=\"Gite de la Vall\u00e9e de Munster\" \/>\n<meta property=\"article:modified_time\" content=\"2024-02-24T16:42:20+00:00\" \/>\n<meta property=\"og:image\" content=\"https:\/\/gites.vallee-munster.alsace\/wp-content\/uploads\/2024\/02\/Stosswihr-Eglise-Mairie-scaled.jpg\" \/>\n\t<meta property=\"og:image:width\" content=\"2560\" \/>\n\t<meta property=\"og:image:height\" content=\"1882\" \/>\n\t<meta property=\"og:image:type\" content=\"image\/jpeg\" \/>\n<meta name=\"twitter:card\" content=\"summary_large_image\" \/>\n<script type=\"application\/ld+json\" class=\"yoast-schema-graph\">{\"@context\":\"https:\/\/schema.org\",\"@graph\":[{\"@type\":\"WebPage\",\"@id\":\"https:\/\/gites.vallee-munster.alsace\/index.php\/stosswihr\/\",\"url\":\"https:\/\/gites.vallee-munster.alsace\/index.php\/stosswihr\/\",\"name\":\"Stosswihr - Gite de la Vall\u00e9e de Munster\",\"isPartOf\":{\"@id\":\"https:\/\/gites.vallee-munster.alsace\/#website\"},\"primaryImageOfPage\":{\"@id\":\"https:\/\/gites.vallee-munster.alsace\/index.php\/stosswihr\/#primaryimage\"},\"image\":{\"@id\":\"https:\/\/gites.vallee-munster.alsace\/index.php\/stosswihr\/#primaryimage\"},\"thumbnailUrl\":\"https:\/\/gites.vallee-munster.alsace\/wp-content\/uploads\/2024\/02\/Stosswihr-Eglise-Mairie-scaled.jpg\",\"datePublished\":\"2024-02-17T17:50:45+00:00\",\"dateModified\":\"2024-02-24T16:42:20+00:00\",\"breadcrumb\":{\"@id\":\"https:\/\/gites.vallee-munster.alsace\/index.php\/stosswihr\/#breadcrumb\"},\"inLanguage\":\"fr-FR\",\"potentialAction\":[{\"@type\":\"ReadAction\",\"target\":[\"https:\/\/gites.vallee-munster.alsace\/index.php\/stosswihr\/\"]}]},{\"@type\":\"ImageObject\",\"inLanguage\":\"fr-FR\",\"@id\":\"https:\/\/gites.vallee-munster.alsace\/index.php\/stosswihr\/#primaryimage\",\"url\":\"https:\/\/gites.vallee-munster.alsace\/wp-content\/uploads\/2024\/02\/Stosswihr-Eglise-Mairie-scaled.jpg\",\"contentUrl\":\"https:\/\/gites.vallee-munster.alsace\/wp-content\/uploads\/2024\/02\/Stosswihr-Eglise-Mairie-scaled.jpg\",\"width\":2560,\"height\":1882},{\"@type\":\"BreadcrumbList\",\"@id\":\"https:\/\/gites.vallee-munster.alsace\/index.php\/stosswihr\/#breadcrumb\",\"itemListElement\":[{\"@type\":\"ListItem\",\"position\":1,\"name\":\"Accueil\",\"item\":\"https:\/\/gites.vallee-munster.alsace\/\"},{\"@type\":\"ListItem\",\"position\":2,\"name\":\"Stosswihr\"}]},{\"@type\":\"WebSite\",\"@id\":\"https:\/\/gites.vallee-munster.alsace\/#website\",\"url\":\"https:\/\/gites.vallee-munster.alsace\/\",\"name\":\"Gite de la Vall\u00e9e de Munster\",\"description\":\"Votre chez-soi loin de chez vous\",\"publisher\":{\"@id\":\"https:\/\/gites.vallee-munster.alsace\/#organization\"},\"potentialAction\":[{\"@type\":\"SearchAction\",\"target\":{\"@type\":\"EntryPoint\",\"urlTemplate\":\"https:\/\/gites.vallee-munster.alsace\/?s={search_term_string}\"},\"query-input\":{\"@type\":\"PropertyValueSpecification\",\"valueRequired\":true,\"valueName\":\"search_term_string\"}}],\"inLanguage\":\"fr-FR\"},{\"@type\":\"Organization\",\"@id\":\"https:\/\/gites.vallee-munster.alsace\/#organization\",\"name\":\"Gite de la Vall\u00e9e de Munster\",\"url\":\"https:\/\/gites.vallee-munster.alsace\/\",\"logo\":{\"@type\":\"ImageObject\",\"inLanguage\":\"fr-FR\",\"@id\":\"https:\/\/gites.vallee-munster.alsace\/#\/schema\/logo\/image\/\",\"url\":\"https:\/\/gites.vallee-munster.alsace\/wp-content\/uploads\/2024\/02\/LOGO-GITE.png\",\"contentUrl\":\"https:\/\/gites.vallee-munster.alsace\/wp-content\/uploads\/2024\/02\/LOGO-GITE.png\",\"width\":160,\"height\":90,\"caption\":\"Gite de la Vall\u00e9e de Munster\"},\"image\":{\"@id\":\"https:\/\/gites.vallee-munster.alsace\/#\/schema\/logo\/image\/\"}}]}<\/script>\n<!-- \/ Yoast SEO plugin. -->","yoast_head_json":{"title":"Stosswihr - Gite de la Vall\u00e9e de Munster","robots":{"index":"index","follow":"follow","max-snippet":"max-snippet:-1","max-image-preview":"max-image-preview:large","max-video-preview":"max-video-preview:-1"},"canonical":"https:\/\/gites.vallee-munster.alsace\/index.php\/stosswihr\/","og_locale":"fr_FR","og_type":"article","og_title":"Stosswihr - Gite de la Vall\u00e9e de Munster","og_description":"La tradition et les chroniques sont d\u2019accord pour d\u00e9clarer que les premiers missionnaires chr\u00e9tiens qui p\u00e9n\u00e9tr\u00e8rent dans la Vall\u00e9e de Munster furent des moines, qui vers le milieu du VII\u00e8me si\u00e8cle vinrent s\u2019\u00e9tablir dans un endroit sauvage o\u00f9 se trouve le village de Stosswihr.","og_url":"https:\/\/gites.vallee-munster.alsace\/index.php\/stosswihr\/","og_site_name":"Gite de la Vall\u00e9e de Munster","article_modified_time":"2024-02-24T16:42:20+00:00","og_image":[{"width":2560,"height":1882,"url":"https:\/\/gites.vallee-munster.alsace\/wp-content\/uploads\/2024\/02\/Stosswihr-Eglise-Mairie-scaled.jpg","type":"image\/jpeg"}],"twitter_card":"summary_large_image","schema":{"@context":"https:\/\/schema.org","@graph":[{"@type":"WebPage","@id":"https:\/\/gites.vallee-munster.alsace\/index.php\/stosswihr\/","url":"https:\/\/gites.vallee-munster.alsace\/index.php\/stosswihr\/","name":"Stosswihr - Gite de la Vall\u00e9e de Munster","isPartOf":{"@id":"https:\/\/gites.vallee-munster.alsace\/#website"},"primaryImageOfPage":{"@id":"https:\/\/gites.vallee-munster.alsace\/index.php\/stosswihr\/#primaryimage"},"image":{"@id":"https:\/\/gites.vallee-munster.alsace\/index.php\/stosswihr\/#primaryimage"},"thumbnailUrl":"https:\/\/gites.vallee-munster.alsace\/wp-content\/uploads\/2024\/02\/Stosswihr-Eglise-Mairie-scaled.jpg","datePublished":"2024-02-17T17:50:45+00:00","dateModified":"2024-02-24T16:42:20+00:00","breadcrumb":{"@id":"https:\/\/gites.vallee-munster.alsace\/index.php\/stosswihr\/#breadcrumb"},"inLanguage":"fr-FR","potentialAction":[{"@type":"ReadAction","target":["https:\/\/gites.vallee-munster.alsace\/index.php\/stosswihr\/"]}]},{"@type":"ImageObject","inLanguage":"fr-FR","@id":"https:\/\/gites.vallee-munster.alsace\/index.php\/stosswihr\/#primaryimage","url":"https:\/\/gites.vallee-munster.alsace\/wp-content\/uploads\/2024\/02\/Stosswihr-Eglise-Mairie-scaled.jpg","contentUrl":"https:\/\/gites.vallee-munster.alsace\/wp-content\/uploads\/2024\/02\/Stosswihr-Eglise-Mairie-scaled.jpg","width":2560,"height":1882},{"@type":"BreadcrumbList","@id":"https:\/\/gites.vallee-munster.alsace\/index.php\/stosswihr\/#breadcrumb","itemListElement":[{"@type":"ListItem","position":1,"name":"Accueil","item":"https:\/\/gites.vallee-munster.alsace\/"},{"@type":"ListItem","position":2,"name":"Stosswihr"}]},{"@type":"WebSite","@id":"https:\/\/gites.vallee-munster.alsace\/#website","url":"https:\/\/gites.vallee-munster.alsace\/","name":"Gite de la Vall\u00e9e de Munster","description":"Votre chez-soi loin de chez vous","publisher":{"@id":"https:\/\/gites.vallee-munster.alsace\/#organization"},"potentialAction":[{"@type":"SearchAction","target":{"@type":"EntryPoint","urlTemplate":"https:\/\/gites.vallee-munster.alsace\/?s={search_term_string}"},"query-input":{"@type":"PropertyValueSpecification","valueRequired":true,"valueName":"search_term_string"}}],"inLanguage":"fr-FR"},{"@type":"Organization","@id":"https:\/\/gites.vallee-munster.alsace\/#organization","name":"Gite de la Vall\u00e9e de Munster","url":"https:\/\/gites.vallee-munster.alsace\/","logo":{"@type":"ImageObject","inLanguage":"fr-FR","@id":"https:\/\/gites.vallee-munster.alsace\/#\/schema\/logo\/image\/","url":"https:\/\/gites.vallee-munster.alsace\/wp-content\/uploads\/2024\/02\/LOGO-GITE.png","contentUrl":"https:\/\/gites.vallee-munster.alsace\/wp-content\/uploads\/2024\/02\/LOGO-GITE.png","width":160,"height":90,"caption":"Gite de la Vall\u00e9e de Munster"},"image":{"@id":"https:\/\/gites.vallee-munster.alsace\/#\/schema\/logo\/image\/"}}]}},"_links":{"self":[{"href":"https:\/\/gites.vallee-munster.alsace\/index.php\/wp-json\/wp\/v2\/pages\/202","targetHints":{"allow":["GET"]}}],"collection":[{"href":"https:\/\/gites.vallee-munster.alsace\/index.php\/wp-json\/wp\/v2\/pages"}],"about":[{"href":"https:\/\/gites.vallee-munster.alsace\/index.php\/wp-json\/wp\/v2\/types\/page"}],"author":[{"embeddable":true,"href":"https:\/\/gites.vallee-munster.alsace\/index.php\/wp-json\/wp\/v2\/users\/1"}],"replies":[{"embeddable":true,"href":"https:\/\/gites.vallee-munster.alsace\/index.php\/wp-json\/wp\/v2\/comments?post=202"}],"version-history":[{"count":3,"href":"https:\/\/gites.vallee-munster.alsace\/index.php\/wp-json\/wp\/v2\/pages\/202\/revisions"}],"predecessor-version":[{"id":732,"href":"https:\/\/gites.vallee-munster.alsace\/index.php\/wp-json\/wp\/v2\/pages\/202\/revisions\/732"}],"wp:featuredmedia":[{"embeddable":true,"href":"https:\/\/gites.vallee-munster.alsace\/index.php\/wp-json\/wp\/v2\/media\/662"}],"wp:attachment":[{"href":"https:\/\/gites.vallee-munster.alsace\/index.php\/wp-json\/wp\/v2\/media?parent=202"}],"curies":[{"name":"wp","href":"https:\/\/api.w.org\/{rel}","templated":true}]}}